{"id":46,"date":"2019-10-04T12:21:18","date_gmt":"2019-10-04T10:21:18","guid":{"rendered":"http:\/\/biotalleres.bioga.org\/?page_id=46"},"modified":"2019-10-17T13:32:44","modified_gmt":"2019-10-17T11:32:44","slug":"politica-de-cookies","status":"publish","type":"page","link":"https:\/\/biotalleres.bioga.org\/?page_id=46","title":{"rendered":"Pol\u00edtica de cookies"},"content":{"rendered":"<p>[vc_row foundry_background_style=&#8221;bg-primary&#8221; foundry_padding=&#8221;pt64 pb64&#8243;][vc_column][vc_column_text]<\/p>\n<h1>Pol\u00edtica de Cookies<\/h1>\n<p>[\/vc_column_text][\/vc_column][\/vc_row][vc_row el_class=&#8221;cookies&#8221;][vc_column][vc_column_text]<strong>Que son as cookies?<\/strong><\/p>\n<p>As\u00a0 cookies son arquivos almacenados polas p\u00e1xinas web nos navegadores do usuario, as cales conte\u00f1en datos de sesi\u00f3n que poden ser de utilidade m\u00e1is adiante na mesma p\u00e1xina web. Estes datos, que se gardan nas\u00a0 cookies, permiten manter a informaci\u00f3n de navegaci\u00f3n entre as diferentes p\u00e1xinas do sitio web, \u00e1 vez que analizan a forma de interactuar con leste, de forma que pode identificarse unha preferencia de usuario.<\/p>\n<p><strong>Descrici\u00f3n das cookies<\/strong><\/p>\n<p><strong>Cookies t\u00e9cnicas:<\/strong> Son aquelas que permiten ao usuario a navegaci\u00f3n a trav\u00e9s dunha p\u00e1xina web, plataforma ou aplicaci\u00f3n e a utilizaci\u00f3n das diferentes opci\u00f3ns ou servizos que nela existan como, por exemplo, controlar o tr\u00e1fico e a comunicaci\u00f3n de datos, identificar a sesi\u00f3n, acceder a partes de acceso restrinxido, lembrar os elementos que integran un pedido, realizar o proceso de compra dun pedido, utilizar elementos de seguridade durante a navegaci\u00f3n ou compartir contidos a trav\u00e9s de redes sociais.<\/p>\n<p><strong>Cookies de personalizaci\u00f3n:<\/strong> Son aquelas que permiten ao usuario acceder ao servizo con algunhas caracter\u00edsticas de car\u00e1cter xeral\u00a0 predefinidas en funci\u00f3n dunha serie de criterios no terminal do usuario por exemplo serian o idioma, o tipo de navegador a trav\u00e9s do cal accede ao servizo, a configuraci\u00f3n rexional desde onde accede ao servizo, etc.<\/p>\n<p><strong>Cookies de sesi\u00f3n:<\/strong> son cookies temporais que permanecen no arquivo de\u00a0 cookies do navegador ata que se abandona a p\u00e1xina web. Ad\u00f3itase empregar para analizar pautas de tr\u00e1fico na web. A longo prazo, isto permite proporcionar unha mellor experiencia para mellorar o contido e facilitar o seu uso.<\/p>\n<p><strong>Cookies de an\u00e1lise:<\/strong> Son aquelas que ben tratadas por n\u00f3s ou por terceiros, perm\u00edtennos cuantificar o n\u00famero de usuarios e as\u00ed realizar a medici\u00f3n e an\u00e1lise estat\u00edstico da utilizaci\u00f3n que fan os usuarios do servizo ofertado. Para iso anal\u00edzase a s\u00faa navegaci\u00f3n na nosa p\u00e1xina web co fin de mellorar a oferta de produtos ou servizos que lle ofrecemos.<\/p>\n<p><strong>Identificaci\u00f3n de las cookies<\/strong><\/p>\n<ul>\n<li>wp-settings-1: Cookie de terceros para personalizar la vista de la interfaz de administraci\u00f3n y la interfaz del sitio principal.\u00a0<strong>Caducidad:<\/strong> 1 a\u00f1o.<\/li>\n<li>wp-settings-time1: Cookie de terceros para almacenar el aspecto de la interfaz de administraci\u00f3n y tambi\u00e9n puede ser usada para almacenar el aspecto del sitio principal. <strong>Caducidad:<\/strong> 1 a\u00f1o.<\/li>\n<li>wordpress_test_cookie: Cookie de terceros para comprobar si el navegador permite cookies. <strong>Caducidad:<\/strong> Sesi\u00f3n.<\/li>\n<li>wordpress_logged_in_: Cookie de terceros que indica qui\u00e9n y cu\u00e1ndo se ha conectado. <strong>Caducidad:<\/strong> Sesi\u00f3n.<\/li>\n<\/ul>\n<p><strong>Como deshabilitar as cookies? <\/strong><\/p>\n<ul>\n<li><strong><a href=\"https:\/\/support.microsoft.com\/es-es\/kb\/278835\">Internet Explorer<\/a><\/strong><\/li>\n<li><strong><a href=\"https:\/\/support.mozilla.org\/es\/kb\/habilitar-y-deshabilitar-cookies-sitios-web-rastrear-preferencias\">Mozilla Firefox<\/a><\/strong><\/li>\n<li><strong><a href=\"http:\/\/support.google.com\/chrome\/answer\/95647?hl=es\">Google Chrome<\/a><\/strong><\/li>\n<li><strong><a href=\"https:\/\/support.apple.com\/es-es\/guide\/safari\/sfri11471\/mac\">Safari<\/a><\/strong><\/li>\n<li><strong><a href=\"https:\/\/help.opera.com\/en\/latest\/\">Opera<\/a><\/strong><\/li>\n<\/ul>\n<p>[\/vc_column_text][\/vc_column][\/vc_row]<\/p>\n","protected":false},"excerpt":{"rendered":"<p>[vc_row foundry_background_style=&#8221;bg-primary&#8221; foundry_padding=&#8221;pt64 pb64&#8243;][vc_column][vc_column_text] Pol\u00edtica de Cookies [\/vc_column_text][\/vc_column][\/vc_row][vc_row el_class=&#8221;cookies&#8221;][vc_column][vc_column_text]Que son as cookies? As\u00a0 cookies son arquivos almacenados polas p\u00e1xinas web nos&#8230;<\/p>\n","protected":false},"author":1,"featured_media":0,"parent":0,"menu_order":0,"comment_status":"closed","ping_status":"closed","template":"","meta":{"footnotes":""},"class_list":["post-46","page","type-page","status-publish","hentry"],"yoast_head":"<!-- This site is optimized with the Yoast SEO plugin v27.5 - https:\/\/yoast.com\/product\/yoast-seo-wordpress\/ -->\n<title>Pol\u00edtica de cookies | Biotalleres<\/title>\n<meta name=\"robots\" content=\"index, follow, max-snippet:-1, max-image-preview:large, max-video-preview:-1\" \/>\n<link rel=\"canonical\" href=\"https:\/\/biotalleres.bioga.org\/?page_id=46\" \/>\n<meta property=\"og:locale\" content=\"gl_ES\" \/>\n<meta property=\"og:type\" content=\"article\" \/>\n<meta property=\"og:title\" content=\"Pol\u00edtica de cookies | Biotalleres\" \/>\n<meta property=\"og:description\" content=\"[vc_row foundry_background_style=&#8221;bg-primary&#8221; foundry_padding=&#8221;pt64 pb64&#8243;][vc_column][vc_column_text] Pol\u00edtica de Cookies [\/vc_column_text][\/vc_column][\/vc_row][vc_row el_class=&#8221;cookies&#8221;][vc_column][vc_column_text]Que son as cookies? As\u00a0 cookies son arquivos almacenados polas p\u00e1xinas web nos...\" \/>\n<meta property=\"og:url\" content=\"https:\/\/biotalleres.bioga.org\/?page_id=46\" \/>\n<meta property=\"og:site_name\" content=\"Biotalleres\" \/>\n<meta property=\"article:modified_time\" content=\"2019-10-17T11:32:44+00:00\" \/>\n<meta name=\"twitter:card\" content=\"summary_large_image\" \/>\n<meta name=\"twitter:label1\" content=\"Tempo de lectura\" \/>\n\t<meta name=\"twitter:data1\" content=\"3 minutos\" \/>\n<script type=\"application\/ld+json\" class=\"yoast-schema-graph\">{\"@context\":\"https:\\\/\\\/schema.org\",\"@graph\":[{\"@type\":\"WebPage\",\"@id\":\"https:\\\/\\\/biotalleres.bioga.org\\\/?page_id=46\",\"url\":\"https:\\\/\\\/biotalleres.bioga.org\\\/?page_id=46\",\"name\":\"Pol\u00edtica de cookies | Biotalleres\",\"isPartOf\":{\"@id\":\"https:\\\/\\\/biotalleres.bioga.org\\\/#website\"},\"datePublished\":\"2019-10-04T10:21:18+00:00\",\"dateModified\":\"2019-10-17T11:32:44+00:00\",\"breadcrumb\":{\"@id\":\"https:\\\/\\\/biotalleres.bioga.org\\\/?page_id=46#breadcrumb\"},\"inLanguage\":\"gl-ES\",\"potentialAction\":[{\"@type\":\"ReadAction\",\"target\":[\"https:\\\/\\\/biotalleres.bioga.org\\\/?page_id=46\"]}]},{\"@type\":\"BreadcrumbList\",\"@id\":\"https:\\\/\\\/biotalleres.bioga.org\\\/?page_id=46#breadcrumb\",\"itemListElement\":[{\"@type\":\"ListItem\",\"position\":1,\"name\":\"Home\",\"item\":\"https:\\\/\\\/biotalleres.bioga.org\\\/\"},{\"@type\":\"ListItem\",\"position\":2,\"name\":\"Pol\u00edtica de cookies\"}]},{\"@type\":\"WebSite\",\"@id\":\"https:\\\/\\\/biotalleres.bioga.org\\\/#website\",\"url\":\"https:\\\/\\\/biotalleres.bioga.org\\\/\",\"name\":\"Biotalleres\",\"description\":\"Talleres Bioga\",\"potentialAction\":[{\"@type\":\"SearchAction\",\"target\":{\"@type\":\"EntryPoint\",\"urlTemplate\":\"https:\\\/\\\/biotalleres.bioga.org\\\/?s={search_term_string}\"},\"query-input\":{\"@type\":\"PropertyValueSpecification\",\"valueRequired\":true,\"valueName\":\"search_term_string\"}}],\"inLanguage\":\"gl-ES\"}]}<\/script>\n<!-- \/ Yoast SEO plugin. -->","yoast_head_json":{"title":"Pol\u00edtica de cookies | Biotalleres","robots":{"index":"index","follow":"follow","max-snippet":"max-snippet:-1","max-image-preview":"max-image-preview:large","max-video-preview":"max-video-preview:-1"},"canonical":"https:\/\/biotalleres.bioga.org\/?page_id=46","og_locale":"gl_ES","og_type":"article","og_title":"Pol\u00edtica de cookies | Biotalleres","og_description":"[vc_row foundry_background_style=&#8221;bg-primary&#8221; foundry_padding=&#8221;pt64 pb64&#8243;][vc_column][vc_column_text] Pol\u00edtica de Cookies [\/vc_column_text][\/vc_column][\/vc_row][vc_row el_class=&#8221;cookies&#8221;][vc_column][vc_column_text]Que son as cookies? As\u00a0 cookies son arquivos almacenados polas p\u00e1xinas web nos...","og_url":"https:\/\/biotalleres.bioga.org\/?page_id=46","og_site_name":"Biotalleres","article_modified_time":"2019-10-17T11:32:44+00:00","twitter_card":"summary_large_image","twitter_misc":{"Tempo de lectura":"3 minutos"},"schema":{"@context":"https:\/\/schema.org","@graph":[{"@type":"WebPage","@id":"https:\/\/biotalleres.bioga.org\/?page_id=46","url":"https:\/\/biotalleres.bioga.org\/?page_id=46","name":"Pol\u00edtica de cookies | Biotalleres","isPartOf":{"@id":"https:\/\/biotalleres.bioga.org\/#website"},"datePublished":"2019-10-04T10:21:18+00:00","dateModified":"2019-10-17T11:32:44+00:00","breadcrumb":{"@id":"https:\/\/biotalleres.bioga.org\/?page_id=46#breadcrumb"},"inLanguage":"gl-ES","potentialAction":[{"@type":"ReadAction","target":["https:\/\/biotalleres.bioga.org\/?page_id=46"]}]},{"@type":"BreadcrumbList","@id":"https:\/\/biotalleres.bioga.org\/?page_id=46#breadcrumb","itemListElement":[{"@type":"ListItem","position":1,"name":"Home","item":"https:\/\/biotalleres.bioga.org\/"},{"@type":"ListItem","position":2,"name":"Pol\u00edtica de cookies"}]},{"@type":"WebSite","@id":"https:\/\/biotalleres.bioga.org\/#website","url":"https:\/\/biotalleres.bioga.org\/","name":"Biotalleres","description":"Talleres Bioga","potentialAction":[{"@type":"SearchAction","target":{"@type":"EntryPoint","urlTemplate":"https:\/\/biotalleres.bioga.org\/?s={search_term_string}"},"query-input":{"@type":"PropertyValueSpecification","valueRequired":true,"valueName":"search_term_string"}}],"inLanguage":"gl-ES"}]}},"_links":{"self":[{"href":"https:\/\/biotalleres.bioga.org\/index.php?rest_route=\/wp\/v2\/pages\/46","targetHints":{"allow":["GET"]}}],"collection":[{"href":"https:\/\/biotalleres.bioga.org\/index.php?rest_route=\/wp\/v2\/pages"}],"about":[{"href":"https:\/\/biotalleres.bioga.org\/index.php?rest_route=\/wp\/v2\/types\/page"}],"author":[{"embeddable":true,"href":"https:\/\/biotalleres.bioga.org\/index.php?rest_route=\/wp\/v2\/users\/1"}],"replies":[{"embeddable":true,"href":"https:\/\/biotalleres.bioga.org\/index.php?rest_route=%2Fwp%2Fv2%2Fcomments&post=46"}],"version-history":[{"count":16,"href":"https:\/\/biotalleres.bioga.org\/index.php?rest_route=\/wp\/v2\/pages\/46\/revisions"}],"predecessor-version":[{"id":256,"href":"https:\/\/biotalleres.bioga.org\/index.php?rest_route=\/wp\/v2\/pages\/46\/revisions\/256"}],"wp:attachment":[{"href":"https:\/\/biotalleres.bioga.org\/index.php?rest_route=%2Fwp%2Fv2%2Fmedia&parent=46"}],"curies":[{"name":"wp","href":"https:\/\/api.w.org\/{rel}","templated":true}]}}